 + -10.
-4
What is the value of (-1 - 22) + (-131 + 7 - (311 - 343))?
-115
What is -23 - (47 - (38 + 1 - 36))?
-67
What is the value of (-5 + 4 - -7 - (4 + -6)) + -35 + -9?
-36
What is the value of -5 + (28 - -5) + 5 - ((-87 - -51) + 29)?
40
What is -12 + (-100 + 64 - -65 - (14 + 2))?
1
Evaluate 25 + (68 - ((-24 - -19) + 36)).
62
Calculate 15 + -25 + 22 + 9 + -9 + -51.
-39
Evaluate (1 - 9 - (-49 - (1 + 7 + -11))) + -11.
27
107 + -117 - (-4 + (1 - 1) - -11)
-17
What is (6 + -1 - (-310 + 208)) + (8 - 9) + 3?
109
What is 8 - (12 + 7 + -16) - (101 + -99)?
3
What is 1 + (-14 - (21 - (41 - 15))) - (-1 - 40)?
33
What is (102 - -3) + (15 - (-1 + 15)) + 2?
108
Calculate -9 + -45 + (9 + 2 - (36 + -21 - -3)).
-61
What is the value of -79 - (-6 + 2 - 22) - (4 - -4)?
-61
Calculate 47 + 6 - ((1 - -18) + -715 + 719).
30
What is the value of -1 - -18 - (225 + -196) - (-71 - 3)?
62
What is the value of 0 + (87 - 91 - (1 + 0)) + -9?
-14
Calculate -2 + (85 - 23 - (-13 + 11 + 1 + -11)).
72
What is 44 + (-18 - 0 - (11 - 2))?
17
What is -1 - (-43 + -27 + (-27 - -42) + -2 + 5)?
51
What is -86 + -9 + 189 + -77?
17
What is 114 + (-19 - -5) + -17 - (-5 - (-14 - -4))?
78
(1470 - 1449) + (1 - (2 - -62))
-42
63 + (23 - 125 - -3)
-36
4 - 19 - (5 + -5 - -21) - (1 + -4)
-33
Calculate 15 + -3 + (2 + -77 + -2 - (1195 + -1204)).
-56
Evaluate -3 + (132 - 131) + (0 + 51 - -2).
51
18264 + -18302 + (-2 - ((-4 - -2) + 2 - 4))
-36
Calculate -13 + 143 + -65 - 128.
-63
17 + 54 + -122 + 16
-35
(50 - (4 + 25 - -19)) + -88 + 1 + -1
-86
What is the value of 1 + 1 + 3304 + -3312?
-6
What is the value of 2291 - 2318 - (-3 + 29)?
-53
Calculate -1 + -20 + -1 - (-3969 - -3973).
-26
What is the value of -186 + 183 + 27 + 1 - 88?
-63
Evaluate 3329 + -3310 + -70 + 2.
-49
Calculate -79 - -90 - (6 - (8 - -16)).
29
Calculate 0 + -117 + (-12 - -86 - 37) + -28.
-108
What is -60 + (0 - -7 - (-22 - (-41 + 17)))?
-55
Evaluate 4 + 0 + -10 + 18 + (-23 - (-9 + 13)).
-15
What is -36 + (-86 + 38 - 2) + 36?
-50
What is the value of 167 - 98 - (83 - -14)?
-28
Evaluate -36 + (-15 - -66) + -17 - (-32 + 0).
30
Calculate -46 - -82 - (-3 + 7 + -5 + 8).
29
Evaluate -130 - (-23 - 37) - (-3 + -28).
-39
What is the value of -15 + (13 - 11) - (17 - (17 - -103))?
90
What is (31 + (-31 - -4) - (-58 - 3)) + -2?
63
What is (-102 - -31) + 50 + (-1 - 21)?
-43
What is 33 - (23 - -4) - -13?
19
Evaluate (-57 - (8 - 8)) + (16 - -2).
-39
What is the value of -10 - 0 - (340 + -363) - (2 + 0 + -32)?
43
Calculate 12 - 15 - (-1 + -4) - (13 - -3).
-14
What is the value of (-107 - -86 - (2 - 9)) + -1 + 59?
44
Calculate -21 + 35 - (7 - 2) - ((5 - -4) + 57).
-57
Evaluate 203 + -4 - (-483 - -592).
90
What is -945 + 984 + (30 - 28 - (1 - 16))?
56
Evaluate (22 - (-5 + -7 - 0)) + -8 + (6 - 4).
28
What is the value of 4 - (19 - (3 + -8 + 14)) - -9?
3
Evaluate 21 - (-49 + (49 - -20) - 44).
45
Calculate 1184 + -1062 + -2 + -34.
86
What is 14 + -102 + 56 + 7?
-25
What is the value of -10 + -18 + 33 + 0 + -71 + -5 + 3?
-68
What is 5838 + -5907 + (118 - 1)?
48
What is (5 + -2 - (14 - -2)) + (-3 + 4 - -3)?
-9
-43 + 17 + -15 + (-4 - -7)
-38
What is 15 - (2 - -1 - -1) - (96 + -86)?
1
What is -20 + 0 + (11 - 3) + 2 + (-148 - -22)?
-136
(22 - -16) + -5 + (16 - -7)
56
Calculate -9 + -4 + 2 + (846 - 818) + -1.
16
What is the value of 171 - 145 - (-26 - (7 - 4))?
55
What is 263 - 393 - (-6 + -67)?
-57
What is (-112 - -99) + (26 + -2 - 0)?
11
What is (-136 - -120) + 37 - (57 + 0)?
-36
What is the value of -7 + (3 - -1) + 12 + (6 - (38 - 7))?
-16
What is -31 - (-19 + 41 - 66)?
13
What is the value of -45 + 20 + 14 + -4 + 39?
24
What is the value of (4 + (5 - (7 + -17)) - 16) + -49?
-46
(-9 - (-16 - -1)) + (-45 - -11)
-28
9 - ((5 - 18) + (1 - -6) + 7)
8
What is the value of -270 - (-56 + -1) - -109?
-104
Calculate 3 + (3 - (-27 + 23 + 18)).
-8
-8 - (-3 + 0) - (11 + -12 + 33)
-37
Calculate -6 - (-58 + (42 - -61)).
-51
Evaluate 928 + -901 + (-1 - 23) + (5 - 0).
8
What is the value of -7 + 89 - 123 - -41?
0
What is 230 + -137 + -124 - (115 - -2)?
-148
1943 + -1904 + 4 + -7
36
What is (10 - 5) + (-56 - (20 - 7))?
-64
Calculate -24 + 68 + -35 + -17.
-8
Evaluate -19 - (0 + -21 - (315 - 317)).
0
Evaluate (1281 - 1249) + (1 - 33).
0
What is -59 + 95 + 61 - 41?
56
What is (46 - 58) + 66 + 13?
67
100 + -54 + -90 + -2
-46
-8 - (1 - 14 - (-38 - (-19 - 4)))
-10
What is the value of 56 + 49 + -15 + -122?
-32
(-21 - (-8 + 8)) + 10 + (23 - 23)
-11
Evaluate 72 + (69 - 82) - 79.
-20
Evaluate -20 - (301 + -307 + (-1 - 1)) - -36.
24
What is 4 + -6 + -6 + -1 + 11 + -14 + -83?
-95
What is -28 - (43 - 60 - (-29 - -6))?
-34
Evaluate (76 - 89) + (13 - (-5 - -36)).
-31
Calculate (0 - 58 - (74 - 77) - -1) + 13.
-41
What is the value of -18 - (-18 - (40 + -56) - (-3 + 77))?
58
What is 516 - 556 - (-111 + 3)?
68
What is the value of 4365 + -4379 + (-1 - -1 - -2) + 9?
-3
Calculate -24 - -8 - -2 - (-130 - -112) - -111.
115
16 - 21 - 40 - (35 + -20)
-60
Calculate 64768 + -64792 - (-130 - (0 - -1)).
107
What is the value of 1 + (18 - (15 + 18 + -6))?
-8
What is the value of 18 + 7 + -77 + 82?
30
What is 1 + 2 - (67 + -23 + (-5 - -12))?
-48
Evaluate 6 - (1 - (11 - -24)).
40
What is the value of (138 - 1 - 59) + -39?
39
(15 - (0 + 30 + -13)) + 6
4
What is the value of -55 - (-46 - (-28 - -6))?
-31
What is the value of (-49 - -1) + (-70 - -147)?
29
-118 - -140 - ((-2 + -15 - -11) + -120)
148
What is (3 - -36 - 13) + 3 + 19?
48
-64 + (-2 - 2) + (18 - 19 - (6 + -1))
-74
What is the value of 6 - (7 + -4 - 6) - (-62 + 76)?
-5
Evaluate -5 + 7 + 4 - (8 + (-3 - (-9 + -3))).
-11
Calculate -36 - (-3 + (-25 - -6)).
-14
What is 3336 + -3358 - (-4 - -5 - 16)?
-7
Evaluate -13 + (17 - 57) + 25 + 13 + 1.
-14
13 - (-1 + 2 + (124 - 9) + (12 - 2))
-113
-8 - (-6 - (-18 + 3 + 4 + -68) - -3)
-84
Evaluate (-16 - (-7 + -1)) + 10 + -14 - -45.
33
Calculate 5 + (2 - (-11 + (-2 - (1 + -13)))).
8
(-6 - -21 - -3) + 57 + -10 + (0 - 0)
65
-24 + 0 + 1 + (59 - (-119 + 176))
-21
What is the value of -15 + -3 - (-38 + 26 + 33)?
-39
Calculate (-3 - 7) + (-25 - (-56 + 18)).
3
4 - -23 - 3 - (-27 - (3 + -20))
34
(2489 - 2488) + (45 - 1)
45
-102 + (142 - 54) + (82 - 4 - -1)
65
(-2 + 29 - (-8 + 102)) + -19
-86
What is the value of -29 + (54 - (8 - -45))?
-28
What is the value of 1 + 10 - (-1485 - -1479)?
17
What is the value of 157 + -156 + -8 + -4 + 22?
11
What is the value of (1 - (-7 - 0)) + 24 + -11 + -50?
-29
(-8 - (-22 + -2 + 11)) + -32 + 16 + 51
40
Calculate -46 + 34 + 17 + 16.
21
Evaluate (-2 - (1 - (20 - 4)) - 92) + 0.
-79
3 + (9 - -1) - (-96 - -117) - (-3 - 52)
47
Evaluate 31 - (-35 + -52) - (3 + 8 + -4 + 5).
106
What is 24 - (-29 - (65 + -49))?
69
What is -109 - -30 - (-5 - (-1 - (7 + -21)))?
-61
Calculate 59 + (-73 - (-41 - -26)).
1
42 + 2 + 0 + -4 + (-39 - -4 - -29)
34
What is -87 + 107 + 69 + -67?
22
Calculate -56 + 34 + -29 - -61.
10
What is the value of 3 + -11 + (-6 - -14) + (0 - -68)?
68
-138 - (-54 + -69) - (1 - 0 - 52)
36
What is 55 + -63 + -31 + 7?
-32
(12 - 34) + (10 - -4) + 23
15
What is the value of (-36 - 4) + (-606 - -577)?
-69
What is the value of -6 - -18 - (-9 - (5 + -80) - 14)?
-40
Calculate (-3 + 11 - 6) + -44 + 28 + 4.
-10
Evaluate 81 - (24 - -31) - (1 - -19).
6
-22 - (-16 + -38 + -19 + 17)
34
Calculate -29 + (57 - (50 - 32)).
10
What is 21 - (15 + 11) - (-24 - -24)?
-5
Evaluate (24 - 2) + (28 - (19 - 14)).
45
Evaluate (-2119 + 2098 - (0 - 53)) + -128.
-96
What is (4 - 42 - (5 - -1)) + 6 + 2 + -9?
-45
What is -18 + 0 + 25 + (39 - 59)?
-13
Calculate (10 - -14 - 6) + -10 + (-64 - -2).
-54
What is the value of (409 + -759 - -341) + 86 + 0 + 0?
77
What is -6177 + 6160 + -1 + 1 + -1?
-18
Calculate -12 - -25 - 6 - 21 - (11 + 6).
-31
What is the value of -18 - (-123 - -112) - (-4 - -9 - 5)?
-7
What is the value of 36 + (9 - (-26 - -39) - 120)?
-88
What is 49 + (47 - 184) + (16 - (-7 + 4))?
-69
(-45 + 2 - (-154 - -84)) + 123
150
What is (-7 - -9) + 1 + 67 - (-15 + 30 + -27)?
82
Calculate (-12 - 10) + -2 + 1 + -2 + 5.
-20
What is the value of -6 + 5 + 10 + (-1059 - -1067)?
17
What is -2 + 5 - (-4 - -10) - (666 + -651)?
-18
What is 20 - (2 - (21 - 102)) - 2?
-65
(-1 - 0) + 0 + (-1357 - -1311) + 0 + 33
-14
2 + 0 - (12 + (16 - 33) + -6 - 1)
14
What is 3 + 25 - (4 + (28 + -10 + -12 - 17))?
35
What is -21 + -35 + 